t x = h - 18539. Is x prime?
True
Suppose -2453 - 2657 = -5*d. Let l = d - 297. Suppose 4*t - l = -t. Is t a composite number?
True
Let y(j) = 53835*j - 688. Is y(5) a prime number?
True
Let u = 26782 + 14485. Is u a composite number?
True
Let j = -639 + 664. Suppose 3*x - 57361 = -z, -23*x + j*x + 3*z = 38236. Is x composite?
False
Suppose -18*q - 17961 + 98421 = -4122. Is q a composite number?
True
Is (-3)/(8 + (-3820295)/477535) composite?
False
Suppose 64978 = w + 3*k, 3*w - 52307 - 142615 = -5*k. Is w a prime number?
True
Is ((-6)/(-150)*-5)/(20/(-31687900)) a prime number?
True
Let b(n) = 3692*n**2 + 10*n - 131. Is b(-5) a prime number?
True
Let q be (-9 - -10)/(2/6). Is ((-12)/78 + (-176890)/(-78))*q a prime number?
True
Let j(q) = -4*q**2 - 30*q + 26083. Is j(0) a composite number?
False
Suppose -6*z + 5*z = -6. Let a(c) = 33*c**2 - 8*c + 2. Let y be a(z). Suppose k = -1, 0*b - 4*k + y = 2*b. Is b a prime number?
False
Suppose 50*p - 3322734 = -579284. Is p composite?
False
Let k be 20/8*(-16)/(-10). Suppose k*w - 35587 = -14559. Is w a prime number?
False
Is (3590/(-2))/(1065/(-7881)) a composite number?
True
Let u = 148531 + 83850. Is u composite?
False
Suppose q - 9 = 4*m + 5, -4*m + 4*q - 8 = 0. Let p be m + 2390/(-15)*-3. Suppose -p = -3*g + 279. Is g a composite number?
False
Suppose 40 - 48 = -2*j. Suppose -j*k = -3*c + 4570 + 375, -2*c + 3298 = -3*k. Is c a prime number?
False
Let j(f) = -3*f**3 - 6*f**2 - 14*f - 8. Let m = 34 - 33. Let x be (-5)/(-2 + m)*-1. Is j(x) a prime number?
False
Let n(u) = 33217*u + 142. Is n(11) a composite number?
True
Let r(h) = 41*h**2 + 17*h - 102. Let f be r(5). Let x = f + -677. Is x a composite number?
False
Suppose 2 = -2*v + 2*a, 3 = -4*a + 19. Suppose 3*o - 33 = v*z, o - 2*z - 16 = -0*o. Is (-4)/o*2226/(-28) a composite number?
False
Suppose 4*h = 4, 5*y - 5*h - 98 = 407. Let g be -398*6/4*(-34)/y. Suppose g = -v + 828. Is v prime?
False
Let y(l) = 6995*l. Let c be y(4). Suppose -19430 - c = -10*d. Is d a composite number?
True
Suppose 27394 = 4*w + 12*d - 13*d, 2*w - 4*d = 13718. Is w a composite number?
True
Let f = 965643 + -365149. Suppose 61*a - 426563 = f. Is a a composite number?
True
Suppose -157*c + 162*c - 122853 = -2*b, 4*c = 4*b + 98288. Is c prime?
True
Let p(v) = 31*v**2 + 20*v + 35. Suppose -7*i + 37 = -19. Is p(i) a composite number?
False
Suppose 127*r - 59746889 = 96*r. Is r prime?
True
Suppose 2*t - 4*s - 24 = -2*t, t + 3 = -2*s. Let p(c) = c**3 - 4*c + 4. Let l be p(0). Is (t + -2)/(l/1276) prime?
False
Suppose -2*r - 3*x + 149101 = 0, -3*x = -7*r + 645752 - 123804. Is r a prime number?
True
Suppose 242*o - 122*o = 150*o - 18255180. Is o a composite number?
True
Suppose -3 = 5*m + 12. Let n(f) = -4*f**3 + 3*f**2 + f + 4. Let b be n(m). Let g = b + -105. Is g prime?
True
Let x(w) = 246*w**2 + 72*w + 1. Let p be (-2)/9 + ((-4730)/(-99))/(-10). Is x(p) a composite number?
False
Let k be 594065/35 - (-12)/(-42). Suppose 4*t + 7*t = k. Is t a prime number?
True
Let a(p) = 53*p - 51. Let x(g) = -4*g. Let f(l) = -a(l) - 3*x(l). Is f(-8) a prime number?
True
Suppose 15*q - 258231 - 1782590 = 1142584. Is q a composite number?
False
Let h(d) = -d**3 + 7*d**2 - 5*d - 4. Let y be h(6). Suppose q + 4*m = 3*m, -y*q - 12 = 5*m. Suppose 2*r - 310 - 2931 = -5*s, q*r = 12. Is s prime?
True
Let b = 992 - -2500. Suppose 2*v - b = 4198. Is v prime?
False
Suppose -4*r = -7*r + 6. Suppose -c + 5 = 0, r*c + 1698 = 5*k - k. Suppose -k = -2*l - 21. Is l a composite number?
True
Suppose -3*r + 17 + 1 = 0. Suppose 216463 + 239159 = r*n. Is n composite?
False
Suppose -3*v = -37 + 7. Let o be (-4)/v*(-225)/18. Suppose o*t = 206 + 4329. Is t a composite number?
False
Suppose 15034148 = -246*q + 83455850. Is q prime?
False
Suppose -11*z - 864592 = 760339. Let h be (-1)/3 - -10*z/42. Is (-2)/(-2 - 9/(h/7808)) a prime number?
True
Let y(k) = -54*k + 4. Let w(a) = -23*a - 40. Let v(z) = z**2 + 1. Let f(c) = v(c) - w(c). Let m be f(-21). Is y(m) composite?
True
Suppose 5*b - 2*c + 3*c = -8, 2 = c. Let f = b - -5. Suppose 4*x - f*x = 89. Is x prime?
True
Let j = -53 + 54. Is (0 - -1437) + 3/j + -1 prime?
True
Suppose -30*i + 117096 = -96114. Suppose 41*v - 38*v = i. Is v a prime number?
False
Suppose 0 = -3*t + 62800 + 288503. Is t prime?
True
Suppose -3*u - v + 2*v = -1009, v - 1679 = -5*u. Let m = u + -811. Let a = m - -1089. Is a a composite number?
True
Suppose -16*y + 19*y + 30 = 0. Is (-119524)/y + (-2 - (-65)/25) composite?
False
Let c(s) = -62*s - 15 + 17*s + 31*s**2 + 21*s. Is c(-8) a prime number?
True
Suppose -4*h = -11*t + 16*t - 1032514, 1290635 = 5*h + 5*t. Is h composite?
True
Let y(f) = 4561*f**3 - 6*f**2 + 31*f - 33. Is y(5) composite?
True
Let a be 2 - ((-10908)/4 - 2). Let y = a - 302. Is y prime?
False
Suppose -299784 = -9*t + 5*v + 3038863, -t - 3*v = -370975. Is t a composite number?
True
Is (-13)/(572/(-192)) + (-4)/11 + 87939 a composite number?
False
Let h = 7004 - 4825. Is h prime?
True
Suppose 5*l + 2*y = 36210, y = -5*l - 2*y + 36210. Let o = l + -4867. Is (o/20 + 3)*4 composite?
False
Let m = -24003 + 54914. Is m a prime number?
True
Let h be (-10360)/(-50) + (-4)/(-5) + -1. Suppose -9783 = -3*o + h. Let x = o + -1707. Is x prime?
False
Suppose 40*c - 42*c + 14 = 0. Let n be ((-2)/6)/(c/(-84)). Suppose 0 = 3*l - 4*i - 5897, -3*i - i = -n. Is l a prime number?
False
Let v(l) = -42*l**3 + 14*l**2 + 20*l - 813. Is v(-35) prime?
True
Suppose 2*v = x + 5084, 49 = -5*x + 19. Is v prime?
True
Suppose d = -3*u + 6, 5*d - 3*d + 43 = 5*u. Is 33445/45 - (-2)/d composite?
False
Suppose 10*f - 1015 = 3*f. Suppose -1379 = -5*y - 3*s, 684 = 2*y - 3*s + f. Is y a composite number?
True
Let l(c) = -19*c - 112. Let f be l(-6). Suppose -4 = r, 5*q - 3*q + f*r = 1898. Is q a composite number?
False
Let i(f) = 3*f**3 - 6*f**2 - 12*f + 8. Let s be -1*(-6)/(-4) - (-30)/4. Suppose 4*u = -4*a + 28, 4*u + 4*a = s*a + 40. Is i(u) prime?
True
Let i = 65849 + -22972. Is i composite?
True
Is ((25/(-20))/(-5) - (-10)/40)*23894 a prime number?
False
Let q = 252675 - -167754. Is q a composite number?
True
Suppose -49*a = -44*a + 7680. Let j = 15191 - a. Is j a composite number?
True
Suppose -2*t = t + 75. Let r = t - -32. Suppose 701 = -6*z + r*z. Is z prime?
True
Suppose 0 = -2*w - 3*x + 23, 2*x = 5*w - 17 - 12. Is 142*w/(-35)*35/(-2) prime?
False
Let d be 36992/8 + (10 - 3). Suppose 0 = -b + d + 14604. Is b composite?
True
Let j(d) = 11265*d - 794. Is j(9) a prime number?
True
Let n = 145537 - 75486. Is n a prime number?
True
Let v(u) = u**2 - 6*u + 517. Suppose -4*h + 16 = 3*l, 2*l - 20 = 6*l - 5*h. Is v(l) a prime number?
False
Let q(c) = 47*c - 7. Let y be 3*(-24)/9*9/(-12). Let x(r) = -2*r. Let p(g) = y*x(g) + 2*q(g). Is p(6) a prime number?
False
Let w be (-4)/(-14) + (-1)/(21/(-78)). Suppose -w*y + 5 = -3*y - 4*r, -3*r - 8 = -y. Suppose y*c - 10*c - 1127 = 0. Is c a composite number?
True
Suppose 5390*s - 127311 = 5387*s - 4*j, 4*j = -4*s + 169740. Is s a prime number?
False
Let s be (-35109)/(-4) + (-2619)/1164. Suppose 3*o + 4*y + 928 = 0, 829 = 5*o + 3*y + 2372. Let k = o + s. Is k prime?
True
Suppose -l - 267734 + 873831 = 36*l. Is l a prime number?
True
Let c(u) = 9*u - 31 + u + 2*u - 14. Let x be c(5). Suppose 0 = -x*q + 3422 + 2263. Is q a composite number?
False
Suppose 8*o + 210 = 50*o. Suppose -5*g + i = -2*i - 104236, o*g - 104233 = 4*i. Is g prime?
True
Let g(j) = 4*j**3 - 78*j**2 + 59*j + 259. Is g(38) a prime number?
True
Let q = -1554 + 2629. Let t = 1688 - q. Is t a prime number?
True
Let a = -124 - -134. Let l be 888/21 + a/(-35). Let p = 301 - l. Is p a composite number?
True
Let y(g) = 11571*g**2 + 51*g + 221. Is y(10) composite?
False
Suppose -3*o = x - 2, -4*o - 12 = 6*x - x. Let m = -5487 + 14847. Suppose -4692 = -o*b + 2*j, -2*b + 6*b + 2*j - m = 0. Is b composite?
True
Let t(l) be the third derivative of 373*l**4/24 + 71*l**3/6 - 2*l**2 - 19*l. Is t(2) a prime number?
False
Let j(q) = -q**3 + 4. Let t be j(0). Let u be 46/(-69)*(-3 + -3). Suppose -2*x + 3316 = -u*r, -5*r = t*x - 2*r - 6632. Is x a prime number?
False
Let j(a) = 5*a**2 - 18*a. Let h be (30/(-33))/(-5) - (-106)/22. Let v be j(h). Let m = v + 48. Is m a composite number?
False
Let g = 106130 + 24193. Is g a pri